ose h = 2*h + 2. Let n(t) = -5*t - 1. Let r(v) = h*m(v) + 9*n(v). Determine r(-3).
10
Let t(m) = 3*m - 1. Let a = -1 - -3. Let w(q) = -q. Let h(x) = a*w(x) + t(x). Let p be (60/120)/(5/(-40)). What is h(p)?
-5
Let j(o) = -4*o**2 + o + 3. Let n(u) = 5*u**2 - u - 3. Let s(a) = -4*j(a) - 3*n(a). Suppose 0 = 5*x - 2*h - 12, -13*x + 11*x = -4*h + 8. What is s(x)?
9
Let m(s) = 5*s - 21 + 19 + 0*s + 0*s**2 - 3*s - s**2. Suppose 2*i - 4*r + 14 = 0, -i = -3*i - r + 6. Calculate m(i).
-1
Let a(h) = -19*h + 325. Let k be a(17). Let q(i) = -i**3 + 3*i**2 + i - 12. What is q(k)?
-6
Suppose 0 = -h - 2*q - 14, -3*h + 83*q - 14 = 85*q. Let v(c) be the second derivative of -1/6*c**3 + h - 1/2*c**2 + 43*c. Determine v(-2).
1
Suppose 127*d - 125 = -252. Let j(l) = -21*l**2 - 3*l - 5. What is j(d)?
-23
Let r(n) be the third derivative of -1/6*n**3 - 1/20*n**5 - 1/12*n**4 + 0*n + 0 - 347*n**2. Determine r(-1).
-2
Let u(f) = 6*f**3 + 51*f**2 + 22*f - 16. Let n be u(-8). Let r(i) = i**2 + 3*i + 1. Calculate r(n).
1
Suppose 258 = 14*g - 13*g. Let b = g - 265. Let p(l) = -l**2 - 8*l - 7. Calculate p(b).
0
Let h(c) = -2*c**3 + 4*c**2 + 2*c - 14. Let q = -995 + 999. Determine h(q).
-70
Let v be (-6)/(-21) - (82/(-28))/(2/8). Let s(l) = l**3 - 14*l**2 + 27*l - 30. Give s(v).
6
Let l(a) = -2*a - 10. Let z be 120/(-480) - 11/4. What is l(z)?
-4
Let t = -1343 + 1333. Let l(d) be the first derivative of d**3/3 + 4*d**2 - 10*d - 3. Calculate l(t).
10
Let s(t) = -82*t - 6. Let c(a) = 43*a + 4. Let i(f) = -5*c(f) - 3*s(f). Give i(2).
60
Let c(j) = -5*j**2 - 36*j + 20. Suppose 4*q - 213 + 245 = 0. Let p be c(q). Let g(y) = -y**3 - 13*y**2 - 11*y - 3. Calculate g(p).
-15
Let u(o) = 2*o**3 + 10*o**2 + o + 1. Suppose 16*n - 20 = 17*n - 4*k, 4 = 3*n + 4*k. What is u(n)?
29
Let x(g) be the second derivative of -6*g + 1/6*g**3 + 1 + 5/2*g**2. Let q(h) = h - 12. Let f be q(6). Calculate x(f).
-1
Let f(w) = w**2 + 0*w**2 + 48395*w + 5 - 2*w**2 - 48396*w. Let o be (0 - 2) + (0 - 2). What is f(o)?
-7
Let s = 1 + -1. Let c(v) be the first derivative of v**2/2 + 11*v - 959. Determine c(s).
11
Let a(o) = 2*o - 1. Suppose 4*z - p = 25 + 11, -p = -4. Suppose -4 = 2*u - z. Suppose 2*b = 5*b - 2*w + 12, 12 = -u*b + 4*w. What is a(b)?
-9
Let k(y) = -y**3 + 9*y**2 - 4. Let h = -6432 + 6440. Give k(h).
60
Let v(z) = -4*z**2 - 101811 + 50882 + 50891 - 66*z. Give v(-16).
-6
Let j(a) = 3*a + 6. Let m(i) = -i - 1. Let r(o) = -j(o) - 2*m(o). Suppose 0 = -5*b - 4*w - 79, 4*b + 13*w = 9*w - 72. What is r(b)?
3
Let w(i) = -i - 6. Suppose 0 = q + 5*s + 653, -5 = 3*s - 8*s. Let c be 3/(15/2) - q/(-70). Calculate w(c).
3
Let a(r) = -4 + 2 + 1 - 4*r**2 + 3*r. Suppose 70 = -10*t + 218*t - 346. Determine a(t).
-11
Let u(y) = 3*y**3 + y**2 - 4*y**3 + 0*y**2 - 8 - y. Suppose -15*i + 16*i = 1. Let q be 0*(3/i + -4). Give u(q).
-8
Suppose 2 - 18 = -8*f. Let z(t) = -3 - 416*t**f - 2 + 415*t**2 - 5 + 12*t. Calculate z(7).
25
Suppose -24 = 254*k - 251*k. Let y(o) = -o**3 - 3*o**2 + 12*o + 12. Let m(w) = -w**3 - 2*w**2 + 13*w + 12. Let s(h) = -4*m(h) + 5*y(h). What is s(k)?
12
Let y(g) be the second derivative of g**4/12 - 3*g**3/2 + 5*g**2/2 + 11*g. Let d(m) = 2*m**2 - 65*m + 499. Let n be d(12). What is y(n)?
-9
Let x(t) be the second derivative of 0*t**2 + 71*t + 0 + 1/6*t**3 + 1/20*t**5 - 1/6*t**4. Give x(-2).
-18
Let y(o) = -o**2 - 32*o + 73. Let a be ((-6)/8)/((-294)/(-13328)). What is y(a)?
5
Let w = -14379 - -14379. Let o(j) = -j**2 + 3*j - 108. Give o(w).
-108
Let u(k) = k**2 + 10*k + 11. Suppose -10*r + 14*r = 16. Let d be 2/(1 + 21/(-4) + r). Calculate u(d).
-5
Let r(p) = -3*p - 7. Let v(q) = -4*q - 67. Let s be v(-22). Suppose -39 = -s*g + 87. Calculate r(g).
-25
Let q(k) = -2 - 4 - 5*k**2 + 936*k + 933*k - 1842*k. Determine q(5).
4
Let w(v) = -3*v**2 + 122*v + 439. Let k be w(44). Let s(t) = -15*t - 2. Give s(k).
13
Let s(l) be the first derivative of -l**4/4 - 13*l**3/3 + 7*l**2 + 17*l - 564. Calculate s(-14).
17
Suppose 141*d - 139*d + r + 1 = 0, -2*d + 19 = -3*r. Let t(q) = -27*q + 52. What is t(d)?
-2
Let u(x) = 4*x - x**2 - 4*x - 4*x - x + 5. Let o = 135 - 133. Suppose -20 = 2*h + 2*i, -o = 4*h - i + 18. What is u(h)?
-1
Let y(w) = -7*w**3 - w**2. Let q(r) = -14*r**3 - 3*r**2. Let u = -2 + 2. Suppose u = 5*c + 20, c - 14 = 3*v + 3*c. Let o(a) = v*q(a) + 5*y(a). Calculate o(-1).
8
Let o(v) = 6*v - 107. Let g(b) = -9*b + 129. Let t(h) = -3*g(h) - 4*o(h). What is t(-20)?
-19
Suppose 0 = -17*i + 18*i - 23. Suppose c - d + 6*d - i = 0, -4*c + 2*d = -26. Suppose -2*b + 4 = 0, c*j - 2*b + 4 = 4*j. Let r(s) = s. What is r(j)?
0
Suppose 2*d + d - 72 = -4*l, -4*d = -3*l - 71. Suppose d*b = 25*b + 30. Let k(f) = -f**2 - 7*f - 7. Calculate k(b).
-1
Suppose 0 = 11*d - 307 + 384. Let i(q) = q**3 + 8*q**2 + 3*q - 22. Give i(d).
6
Let b(i) = -7*i - 35. Let a be b(-6). Suppose -6*q - n = -q + 14, 0 = 2*q - n + a. Let r(x) = -3*x**2 + x. Give r(q).
-30
Let l = 43 - 31. Let m = 1 + l. Let a = m + -18. Let h(x) = -x + 2. Calculate h(a).
7
Let s = 53 + -45. Suppose 38 = -6*u + s*u. Let y be u/5 - -2*1/10. Let o(c) = -c**2 + 3*c. Calculate o(y).
-4
Let i be 2/3 - 542/(-6). Suppose 37*c - a + 377 = 41*c, -5*c = a - 473. Let m = c - i. Let z(d) = d**3 - 5*d**2 + d + 4. Determine z(m).
9
Let d(n) = 35*n**2 - 2*n - 2. Suppose 9 = 2*v + 5*c - 3, 3*v - 11 = -4*c. What is d(v)?
31
Suppose -74 = 5*s - 29. Let u(m) = -5*m**2 + 12*m + 11. Let b(n) = 7*n**2 - 13*n - 11. Let w(r) = 3*b(r) + 4*u(r). Give w(s).
11
Let o(a) = -a**2 + 2*a - 5. Let p(g) = g**2 - g + 4. Let n(x) = 2*o(x) + 3*p(x). Let w = 991 - 995. What is n(w)?
14
Let m(a) be the third derivative of 1/60*a**5 - 13/6*a**3 - 1/120*a**6 - 1/24*a**4 - 63*a**2 + 0*a + 0. Suppose -3*f = 9, -5*z - 2 = -3*f - 11. Give m(z).
-13
Let u(a) be the third derivative of a**7/5040 + a**6/240 + 9*a**5/10 - a**2 + 4*a. Let v(m) be the third derivative of u(m). Give v(-7).
-4
Suppose 3*g - 5*w - 6 = 4, -3*g - w + 34 = 0. Suppose -g*q + 25*q - 120 = 0. Let y(j) = -j + 6. Determine y(q).
-2
Let x(n) be the second derivative of -n**4/12 + 5*n**3/6 - n**2 + n. Let o(c) = -c**2 - 37*c + 60. Let j be o(-29). Let u = j - 287. Calculate x(u).
-2
Let b(j) = -j**3 + 16*j**2 - 14*j - 5. Let x be b(15). Let a(d) = -14*d + 6*d + 2 - 6 - 4 - d**3 + 11*d**2 + 3. Calculate a(x).
15
Let t(l) be the first derivative of l**4/4 + 5*l**3/3 - l**2 - 6*l + 335. Let z be 9*6/9*1. Suppose 1 = s + z. Determine t(s).
4
Suppose -5*k - 2*p + 81 = 0, 2*k + k + 5*p = 60. Suppose 0 = 3*s + k, 4*f - 3*s = -0*f + 35. Let z(u) = u + 1. Determine z(f).
6
Let t be 17 - (-9 - -1) - 14. Let h(o) = -o**3 + 11*o**2 - 5*o + 6. Give h(t).
-49
Let o(z) be the third derivative of 0 - 10/3*z**3 + 0*z - 122*z**2 + 1/24*z**4. What is o(11)?
-9
Let h(j) = -j**3 + 5*j**2 + 2*j - 3. Let q(z) = -z**2 - 7*z + 9. Let d be q(-10). Let f = 61 + d. Let s = f + -36. Determine h(s).
21
Let r(t) = t**2 + 9*t - 11. Suppose 3*p + 76 = 253. Let z = -40 + p. Let x = z - 27. Determine r(x).
-19
Suppose -4*y = 4*n + 7 - 3, 2*y + n = 1. Let k(m) = 5*m + 2643*m**3 - 2642*m**3 + 6*m**2 + 2 - m**y. Let d = 7 + -11. Determine k(d).
-2
Let v(g) = 5*g - 2*g + 19 - 5*g. Suppose 40*y - 37*y + 26 = 50. Calculate v(y).
3
Let j(m) be the second derivative of m**5/20 - m**4/4 - 4*m**3/3 + 17*m**2/2 + 6*m - 190. Give j(4).
1
Let n(m) = -m**2 + 3. Suppose 28 = 21*j - 35. Let c be 2*((-9)/(-6) - 1). Let i be (-3)/c*3/j. Give n(i).
-6
Let k = -4 + -2. Let x(a) = 74*a**3 + 8*a**2 + 59*a + 41. Let c(d) = -13*d**3 - d**2 - 10*d - 7. Let b(j) = -17*c(j) - 3*x(j). Give b(k).
2
Let f(w) be the second derivative of w**4/12 - w**3/3 + 2*w**2 + 2*w - 1. Let b(v) = -v**2 - 1. Let i(g) = 3*b(g) + f(g). Suppose -h + 4 = h. Calculate i(h).
-11
Let x(o) = 2*o**2 + o + 1. Let p(r) = -2*r**2 + 12*r + 17. Let u be p(7). Let h be (u - 0 - -3)*(-7)/14. Determine x(h).
16
Let f(c) = -c - 3. Suppose 2*z - 4*z + 8 = 0, 4*d + 1456 = 2*z. Let h = d - -353. Calculate f(h).
6
Let s(t) = 11833*t**2 - 11836*t**2 - 1 + 8 - 29*t. Let v(g) = -g**2 + 0*g**2 + 1 + 1 - 10*g. Let c(x) = -4*s(x) + 11*v(x). Give c(-6).
-6
Let z(i) = i**2 - 10*i + 5. Let p(k) = -k**2 + 5*k. Let h be 7/6 - 6*6/216. Let a be p(h). Determine z(a).
-19
Let g(z) = -z**2 - z - 1. Let t = 1 + 3. Let j(a) = a - 3. Let f(h) = -5*h